761?
17, 79, 36527
List the prime factors of 425417474.
2, 1051, 202387
What are the prime factors of 57253686?
2, 3, 7, 1363183
List the prime factors of 3431842986.
2, 3, 11, 13, 43, 167, 557
List the prime factors of 34024311.
3, 3780479
What are the prime factors of 481205515?
5, 7, 61, 257, 877
What are the prime factors of 28528527?
3, 1543, 6163
What are the prime factors of 371200007?
371200007
What are the prime factors of 3051019187?
1657, 1841291
List the prime factors of 1560048179.
73, 599, 35677
What are the prime factors of 446093744?
2, 1019, 27361
What are the prime factors of 411627931?
11, 13, 1579, 1823
List the prime factors of 73835287.
4099, 18013
List the prime factors of 241052328.
2, 3, 11, 23, 401
What are the prime factors of 79813251?
3, 7, 31, 40867
What are the prime factors of 3662120315?
5, 7, 104632009
What are the prime factors of 4313932101?
3, 223, 79609
List the prime factors of 954695682.
2, 3, 37, 1433477
What are the prime factors of 22699326?
2, 3, 13, 233, 1249
What are the prime factors of 1128823555?
5, 23, 251, 39107
What are the prime factors of 499051589?
19709, 25321
List the prime factors of 5003493403.
31, 89, 1813517
List the prime factors of 39234081.
3, 13078027
List the prime factors of 1337069387.
19, 59, 73, 16339
List the prime factors of 593069350.
2, 5, 607, 19541
What are the prime factors of 362101884?
2, 3, 2557, 11801
List the prime factors of 50822680.
2, 5, 1270567
What are the prime factors of 192221766?
2, 3, 11, 970817
What are the prime factors of 47029530?
2, 3, 5, 43, 36457
List the prime factors of 539430816.
2, 3, 5619071
List the prime factors of 19164970.
2, 5, 11, 59, 2953
List the prime factors of 143059701.
3, 23, 41, 61, 829
What are the prime factors of 531631238?
2, 193, 607, 2269
List the prime factors of 1069575.
3, 5, 13, 1097
What are the prime factors of 2971415755?
5, 7, 11, 41, 109, 157
List the prime factors of 667413572.
2, 7, 23836199
What are the prime factors of 77899734?
2, 3, 11, 19, 20707
What are the prime factors of 869783165?
5, 9871, 17623
What are the prime factors of 35040221?
37, 947033
What are the prime factors of 754652822?
2, 7, 11, 97, 1031
List the prime factors of 4450604.
2, 1112651
List the prime factors of 1792554689.
1792554689
What are the prime factors of 936884974?
2, 619, 756773
What are the prime factors of 63531012?
2, 3, 61, 229, 379
List the prime factors of 904389729.
3, 301463243
What are the prime factors of 75269196?
2, 3, 696937
What are the prime factors of 699902762?
2, 13, 29, 928253
What are the prime factors of 3117127111?
7, 63614839
List the prime factors of 424078913.
103, 4117271
List the prime factors of 1816557494.
2, 839, 1082573
What are the prime factors of 14429682?
2, 3, 43, 103, 181
List the prime factors of 4562678892.
2, 3, 17, 139, 160907
List the prime factors of 15993056.
2, 17, 29399
List the prime factors of 3254155790.
2, 5, 325415579
What are the prime factors of 194931801?
3, 21659089
List the prime factors of 661762925.
5, 26470517
What are the prime factors of 509742663?
3, 97, 1751693
List the prime factors of 355156117.
109, 1201, 2713
What are the prime factors of 1975396460?
2, 5, 389, 253907
What are the prime factors of 1593350420?
2, 5, 79667521
List the prime factors of 265204752.
2, 3, 31, 37, 4817
What are the prime factors of 79372064?
2, 41, 60497
What are the prime factors of 92891104?
2, 1307, 2221
List the prime factors of 2505832367.
1601, 1565167
List the prime factors of 48267058.
2, 7, 107, 4603
List the prime factors of 1074493918.
2, 193, 2783663
List the prime factors of 54158924.
2, 79, 367, 467
What are the prime factors of 530686917?
3, 47, 541, 773
What are the prime factors of 63304603?
179, 353657
List the prime factors of 183732336.
2, 3, 347, 3677
List the prime factors of 659625299.
19, 73, 173, 2749
What are the prime factors of 56078320?
2, 5, 59, 109
List the prime factors of 253277539.
419, 604481
What are the prime factors of 93944231?
7589, 12379
What are the prime factors of 1436462085?
3, 5, 43, 59, 37747
List the prime factors of 73142160.
2, 3, 5, 7, 13, 17, 197
What are the prime factors of 454198199?
7, 13, 37, 2753
What are the prime factors of 74840146?
2, 163, 173, 1327
List the prime factors of 50692173.
3, 7, 2413913
What are the prime factors of 6819752502?
2, 3, 101, 1250413
What are the prime factors of 1167584591?
61, 113, 1499
List the prime factors of 57005638.
2, 23, 193, 6421
What are the prime factors of 176211829?
139, 1267711
What are the prime factors of 3755443000?
2, 5, 3755443
What are the prime factors of 4282128277?
7, 1783477
List the prime factors of 41730454.
2, 47, 443941
What are the prime factors of 9079093139?
149, 6971, 8741
What are the prime factors of 4060905436?
2, 7, 145032337
List the prime factors of 16396061.
11, 337, 4423
List the prime factors of 2538878353.
11, 230807123
What are the prime factors of 436122266?
2, 53, 349, 11789
What are the prime factors of 1053346553?
7, 3559, 42281
What are the prime factors of 1789594556?
2, 17, 89, 295703
List the prime factors of 195753201.
3, 7, 9321581
What are the prime factors of 89963892?
2, 3, 293, 2843
List the prime factors of 6889996281.
3, 7, 521, 89963
List the prime factors of 2136966231.
3, 712322077
What are the prime factors of 37955494?
2, 18977747
What are the prime factors of 174160130?
2, 5, 739, 23567
What are the prime factors of 18836813?
1699, 11087
What are the prime factors of 1200192663?
3, 9613, 41617
List the prime factors of 75626121.
3, 43, 313, 1873
What are the prime factors of 973513477?
973513477
What are the prime factors of 2041015187?
181, 563, 20029
List the prime factors of 6896043356.
2, 23, 2957, 25349
List the prime factors of 397708150.
2, 5, 7, 1136309
List the prime factors of 217701325.
5, 23, 241, 1571
List the prime factors of 400674019.
107, 211, 17747
What are the prime factors of 2291803416?
2, 3, 7, 29, 52267
What are the prime factors of 87626744?
2, 61, 179563
What are the prime factors of 744933804?
2, 3, 139, 446603
List the prime factors of 26639866.
2, 11, 1210903
What are the prime factors of 340340725?
5, 1231, 11059
What are the prime factors of 101096356?
2, 173, 146093
What are the prime factors of 93534010?
2, 5, 67, 137, 1019
List the prime factors of 96778681.
43, 2250667
List the prime factors of 31417967.
7, 421, 1523
List the prime factors of 41574330.
2, 3, 5, 7, 21997
List the prime factors of 514270406.
2, 13, 379, 52189
What are the prime factors of 71643753?
3, 7960417
List the prime factors of 4311767306.
2, 7, 11, 503, 55663
List the prime factors of 70056473.
17, 67, 61507
List the prime factors of 5141116640.
2, 5, 11, 2921089
What are the prime factors of 4911103058?
2, 2455551529
List the prime factors of 575751113.
7, 229, 359171
List the prime factors of 45049290.
2, 3, 5, 11, 13, 10501
List the prime factors of 48809118.
2, 3, 263, 30931
List the prime factors of 1613666568.
2, 3, 23, 139, 21031
List the prime factors of 173934188.
2, 23, 37, 1381
What are the prime factors of 300237361?
163, 1841947
List the prime factors of 14380343.
73, 196991
What are the prime factors of 5052880190?
2, 5, 761, 663979
List the prime factors of 511218155.
5, 7, 367, 39799
List the prime factors of 110331889.
47, 2347487
List the prime factors of 42354399.
3, 509, 27737
List the prime factors of 830373265.
5, 167, 281, 3539
List the prime factors of 1981107448.
2, 247638431
List the prime factors of 99992825.
5, 31, 129023
What are the prime factors of 1621711958?
2, 29, 27960551
List the prime factors of 653440601.
11, 61, 673, 1447
List the prime factors of 51317813.
307, 167159
What are the prime factors of 943099760?
2, 5, 11788747
What are the prime factors of 320415618?
2, 3, 43, 1241921
What are the prime factors of 190281696?
2, 3, 11, 16381
List the prime factors of 3917299.
1877, 2087
What are the prime factors of 3659896389?
3, 5897, 206879
What are the prime factors of 252374292?
2, 3, 778933
List the prime factors of 3467189895.
3, 5, 13, 37, 480553
What are the prime factors of 304993204?
2, 76248301
What are the prime factors of 18697574?
2, 7, 23, 58067
List the prime factors of 4